et g be -3 - 19*(m + 2). Calculate the greatest common divisor of 14 and g.
7
Suppose 0 = -5*k - 15, 3*h + 2*k - 2 - 4 = 0. Suppose -3*l - h*n = -112, -4*l - 22*n + 20*n = -136. Calculate the highest common divisor of 112 and l.
16
Suppose m = 3*d - 140, -5*d - 2*m + 63 = -185. Let x(k) = -41*k + 9. Let u be x(-3). What is the highest common factor of u and d?
12
Let p(c) = 367*c**2 + 230*c + 2. Let k be p(-3). What is the greatest common divisor of 5 and k?
5
Let k be 1*(2/2 - (0 - 2)). Let h(u) = 19*u**2 - 7*u + 2. Let a be h(k). What is the greatest common divisor of 24 and a?
8
Let k(u) = 4*u**2 + 26*u - 315. Let f be k(11). What is the highest common factor of f and 35?
35
Suppose -m + 19 - 8 = 0. Suppose -m*p - 28 = -116. What is the greatest common factor of 152 and p?
8
Let h(o) = 150*o - 159. Let y be h(5). Suppose 2*k - 1167 = -y. Calculate the highest common divisor of k and 360.
72
Let v = 132 - 131. Let u(s) = -9*s**2 + 1 + 8*s + 2 + 10*s**2 - v. Let g be u(-9). What is the highest common divisor of 143 and g?
11
Let w = 103 - -12. Suppose -3 = 8*n + 21. Let t be (3 - (-7)/n)/((-5)/(-345)). Calculate the greatest common divisor of w and t.
23
Let x(t) = -25*t**2 - 1048*t + 196. Let b be x(-42). Calculate the greatest common divisor of b and 48944.
112
Let w = 1440 + -1426. Suppose -2*j + 1292 = 4*n, 5*n - j = -2*j + 1612. Calculate the greatest common factor of w and n.
14
Let x(n) = 5*n + 7. Let d(m) = 2*m + 36. Let v be d(-17). Let c be x(v). Let j = c - 6. What is the greatest common factor of j and 44?
11
Let k be 6 + (-4)/((-4)/277). Let c = k - 249. What is the greatest common factor of 374 and c?
34
Let s be 33/88 + 3/24*2997. What is the highest common divisor of 4750 and s?
125
Let g be 57/(-76) - (166/(-8) - -1). Let j be 732/(-6)*2*-1. Let b = 453 - j. Calculate the highest common divisor of g and b.
19
Let m(x) = 10*x + 449. Let g be m(31). What is the greatest common divisor of 138 and g?
69
Let n be 189/(-3) + (-2 - (-2 + -3)). Let r be (-5)/n*45*4. Calculate the highest common divisor of 30 and r.
15
Let v be 32958/5 + (-711)/1185. What is the highest common divisor of v and 39?
39
Let c be (184/(-20))/((-30)/75). What is the highest common factor of c and 460?
23
Suppose -48*q - 114 + 4246 = -3020. Calculate the highest common factor of 2 and q.
1
Let x = 5101 - 4551. Calculate the highest common factor of x and 1980.
110
Let h = 2058 + -2038. What is the highest common factor of 1610 and h?
10
Suppose -60*f + 19*f + 327 + 698 = 0. What is the greatest common factor of f and 2625?
25
Suppose -107*c + 1275 = -82*c. Calculate the highest common factor of 3111 and c.
51
Let r be 20*(1 - 15/12) - -3. Let u be ((-1)/2 + r)*3040/(-38). Calculate the greatest common factor of u and 16.
8
Let y = -91 + 115. Let t(u) = 2*u**3 + u**2 - 10*u - 9. Let q be t(5). What is the highest common divisor of q and y?
24
Let x be (0/(-1))/(-4*(-3)/(-6)). Suppose x = -5*y - 4*z + 2997, 2*y - 2*z - 1204 = -z. Suppose y = 5*p - 174. Calculate the highest common factor of p and 62.
31
Let c(y) = -y**3 - 3*y**2 + 2*y + 17. Let b be c(-3). Suppose -b*t - 5*t + 64 = 0. What is the greatest common factor of t and 17?
1
Suppose 2*q - 2*o = 104, -11*q + 6*q - 2*o = -239. What is the highest common factor of 196 and q?
49
Let q be 24*((-21)/(-2) - 0). Let p = -6194 - -6374. Calculate the greatest common divisor of p and q.
36
Suppose 0*a - 7*a = -86*a + 7584. Let k(y) = -y**3 - y**2 - 3*y - 3. Let g be k(-3). What is the highest common factor of g and a?
24
Let z(b) = 116*b + 587. Let q be z(-5). What is the greatest common divisor of q and 1519?
7
Let s = 1392 - 736. Let l be -2 + s - -1 - (8 + -13). Calculate the greatest common factor of 60 and l.
60
Let p = -516 - -540. Suppose -19*u + p*u = 385. Let l(k) = 7*k**2. Let j be l(-1). What is the highest common factor of j and u?
7
Let y(p) be the first derivative of 52*p**2 - 1. Let u be y(2). Let z(q) = -83*q - 555. Let d be z(-7). Calculate the greatest common factor of d and u.
26
Let i = 42 + -36. Let k(c) = -i*c - 17 + 2*c + c**2 + 0*c - 6*c. Let j be k(15). Calculate the highest common factor of j and 29.
29
Let x = -20 + 11. Let u be (-59 - x)/(-1 - 9/(-15)). What is the highest common factor of u and 25?
25
Let a = 3 + -1. Let h(u) be the second derivative of 13*u**4/6 - u**3/3 + 3851*u. Let c be h(a). What is the highest common divisor of 20 and c?
20
Suppose -2*f - 14 = -2*c, 4*c = 3*c + 4*f + 19. Suppose -2*k - 11 = t - 16, 2 = c*k - 4*t. What is the highest common divisor of 7 and k?
1
Let k = -116 + 385. Let c = k + -236. Calculate the highest common divisor of c and 33.
33
Let u = -7596 + 11160. Calculate the highest common divisor of u and 81.
81
Let s = -9007 + 9051. Suppose 35 = -9*t + 4*t. Let v = 18 + t. What is the highest common divisor of s and v?
11
Suppose -5*z = 5*r - 655, 121 = 3*z + r - 274. Suppose 137*q = z*q + 230. What is the greatest common divisor of q and 161?
23
Let q(o) = 3*o**2 - 536*o - 3260. Let i be q(-6). Calculate the highest common factor of i and 1528.
8
Let a(b) = -b**3 - 5*b**2 - 13*b + 17. Let k be a(-5). What is the greatest common factor of k and 6027?
41
Let h(c) = 2316*c - 1836. Let b be h(7). Calculate the greatest common divisor of b and 48.
24
Suppose -t + 243 = -2*q, -69*t - q = -67*t - 456. Suppose -6 = -0*a - 3*a. Suppose a*h = 42 - 0. What is the greatest common factor of h and t?
21
Suppose 0 = -5*t + 5, -4*i - 4*t - 107 = 209. Suppose 5*f = -4*h - 295, 5*h = h - 20. Let s = f - i. Calculate the greatest common factor of s and 50.
25
Let j(p) = -6*p - 37. Let w be j(-18). Let c = -67 + w. Suppose -q = 3, -3 = -c*o - 4*q + 1. What is the highest common factor of o and 12?
4
Let n(x) = -14*x**3 - x**2 - x - 2. Let g be n(-2). Suppose 6*b - g = 48. Suppose 0 = 14*t - 18*t + 52. Calculate the highest common factor of t and b.
13
Let g(y) = 37*y + 1396. Let k be g(-36). What is the greatest common factor of 4688 and k?
16
Suppose -2*p + 25740 = 37*p. Calculate the highest common divisor of 1188 and p.
132
Suppose 0 = -14*c + 10*c + 44. Let x be ((-12)/(-15))/(c/(-5) - -2). Let h be (-234)/65*10/x. Calculate the greatest common divisor of h and 18.
9
Let r be (1 - 0/2)*2. Suppose -2*j + 3*b = r*b - 3, -9 = -5*j + b. Suppose 58 = j*v - 0*v. Calculate the highest common divisor of 145 and v.
29
Suppose 2*z = 4*m - 228, 2094*m - 2*z = 2091*m + 173. Let j = -7 - -12. Suppose -j*i = 4 - 169. Calculate the highest common factor of i and m.
11
Suppose -4 = r, u - 22*r = -21*r + 873. What is the highest common divisor of u and 55?
11
Suppose -q + 289 = 5. Let k be (-405)/((-486)/18)*8/30. What is the greatest common divisor of q and k?
4
Suppose -3654 = 282*z - 300*z. What is the highest common factor of z and 493?
29
Suppose 39 + 71 = o. Suppose -886 + 376 = -17*u. What is the greatest common divisor of o and u?
10
Let z(r) = -2*r**3 + 24*r**2 + 5*r - 39. Let a be z(12). Suppose 12*h - 11*h = 206. Suppose -3*p + h + 424 = 0. What is the highest common factor of p and a?
21
Suppose -1734 = -5*g - 0*c - 3*c, 5*g + 6*c = 1743. What is the highest common factor of g and 9545?
115
Let p = 905 - 618. Suppose 4*w = 16, 2*w - p = 2*s - 719. Calculate the greatest common divisor of s and 55.
55
Suppose 8394 + 7652 = 108*a - 1774. Calculate the greatest common divisor of a and 627.
33
Suppose 5*l = 5*i + l - 28, -3*l - 22 = -4*i. Suppose 2*p + 3*b - 127 = 137, -542 = -i*p + b. Calculate the highest common factor of 105 and p.
15
Let v(a) = -200*a - 295. Let p be v(-3). What is the greatest common factor of p and 25?
5
Let a(f) be the first derivative of -12*f + 3/2*f**2 - 11. Let r be a(12). What is the highest common factor of r and 3?
3
Let y = -31173 + 31288. Calculate the highest common divisor of y and 28865.
115
Let o = -17 - -9. Let g(b) = b**2 + 5*b - 19. Let a be g(o). Let t be 2 + 0/(-2) + 830/a. What is the highest common factor of t and 12?
12
Let a(s) = 2*s + 39. Let n be a(-18). Suppose -2*v + 27 = n*x, 5*v - x - 40 = -3*x. Calculate the greatest common factor of v and 15.
3
Let h(r) = 341*r + 120. Let v be h(-3). Let o = -855 - v. Calculate the greatest common factor of o and 24.
24
Suppose -162 = -5*w + v, 0*w = 2*w - 3*v - 57. Let c = -199